2
Let i(r) = r**2 - 12*r + 3. Let z(o) = o**2 + 2*o + 4. Let q be z(-4). Let m be i(q). What is the highest common divisor of m and 27?
3
Suppose -4*i + 43 = -3*i + 3*w, -3*i + w + 159 = 0. Calculate the highest common divisor of 4 and i.
4
Suppose -5*p = -5*t - 55, 4*t = -0*t - 8. Suppose z = 5*f + 64, -4*z + 215 = f - 41. Let o = -46 + z. What is the greatest common factor of p and o?
9
Suppose 3*j - 27 = r, 4*j = 8 + 8. Let n be (16/6)/((-10)/r). What is the greatest common factor of n and 1?
1
Suppose 5*r - 1029 + 104 = 0. Calculate the highest common divisor of 74 and r.
37
Suppose -516 = -8*l + 44. What is the greatest common factor of 10 and l?
10
Suppose h = 4*o + 4*h + 19, 3*o + 2*h = -13. Let d be (-6 + 3 + o)*-12. Calculate the highest common factor of d and 6.
6
Suppose 3*u - 4 - 6 = 5*w, -4*w - 11 = -3*u. Suppose 0 = u*s - 58 - 62. Let t(z) = 12*z**2. Let j be t(-1). Calculate the highest common divisor of j and s.
12
Let g(t) = 7*t**2 - 3*t + 2. Let b be g(2). Calculate the greatest common factor of b and 8.
8
Let t(h) = -h + 5. Let i be t(6). Let n(k) = 19*k**2 + 1. Let r be n(i). Calculate the greatest common divisor of r and 2.
2
Suppose -64 = -2*q - 4*l, -5*q + 0*l = 4*l - 136. Suppose -q = 6*w - 2*w. Let r be -5*-12*w/(-10). What is the highest common factor of 18 and r?
18
Let b = -4 - -20. Calculate the greatest common factor of b and 48.
16
Let y = -8 + 12. Suppose 5*o + 4*v + 22 = 0, -5*v - 16 = y*o - v. Let z(k) = -7*k + 3. Let x be z(o). What is the greatest common divisor of 15 and x?
15
Let x(d) = -5*d**3 - 3*d**2 - 4*d + 1. Let m be x(-4). What is the greatest common divisor of 17 and m?
17
Suppose 5*g + 3*j - 11 = 0, -2*j = 3*g - 0*g - 6. Calculate the highest common factor of 32 and g.
4
Let j = 89 + -41. Calculate the highest common factor of j and 12.
12
Let p be 1/(2/4) - -2. Suppose -3*t = -p*t. Let u be (t - -3)/(6/10). What is the highest common factor of 5 and u?
5
Let k = 2 - 8. Let p = -2 + k. Let r = -3 - p. What is the greatest common factor of r and 2?
1
Let d be (-32)/(-6) + 2/3 + 1. Let k be 82/(-6) - 2/6. Let v = k + 35. Calculate the highest common factor of d and v.
7
Let i = 3 - -2. Let b = 7 - i. Suppose -4 = b*g, -3*c + c = -2*g - 264. Calculate the greatest common factor of 52 and c.
26
Suppose 0 = 5*j - 22 + 2, 60 = 4*z + j. Suppose -z = -s - 2. Calculate the highest common factor of 36 and s.
12
Let u(t) = t**2 - 3*t - 8. Let x be u(11). What is the highest common divisor of x and 32?
16
Let u be (2 - 1)/(3/18). What is the greatest common factor of 42 and u?
6
Let c(v) = v - 7. Let z be c(11). Calculate the highest common divisor of z and 4.
4
Suppose 2*w - 4*z = 28, -5*w + 3*z + 38 = z. What is the highest common divisor of w and 6?
6
Let n = -2 + 14. What is the highest common factor of 12 and n?
12
Let p be 3/1*-1 + 223. Calculate the highest common factor of p and 20.
20
Let j be ((-18)/5)/((-1)/10 - 0). Calculate the highest common divisor of 12 and j.
12
Let q = -9 - -9. Let s be q/(-2) + 2 - -8. Let c be (-24)/(-14)*35/s. Calculate the greatest common divisor of c and 54.
6
Let h(r) = 2*r**2 + 5*r - 9. Let u be h(-6). Calculate the highest common factor of u and 3.
3
Let g(o) = o**3 - 6*o**2 + 10*o - 4. Let c be g(4). Calculate the greatest common divisor of 12 and c.
4
Let n be (1 - 3)/((-2)/40). Suppose -12*q + 158 + 34 = 0. Calculate the highest common divisor of q and n.
8
Suppose 2*d = -0*d + 12. Let u be (-6*1)/(d/68). Let i = 10 - u. Calculate the greatest common factor of 13 and i.
13
Let j(k) be the first derivative of 5*k - 7/2*k**2 + 2 - 1/3*k**3. Let l be j(-5). Calculate the greatest common factor of 3 and l.
3
Let o be 3/4*40/15. Suppose -x = o*n - 27, 2*n + 6*x - 15 = x. Let f = -3 + 8. What is the highest common divisor of f and n?
5
Let a = 157 - 92. What is the highest common factor of 26 and a?
13
Suppose 19 = -k + 54. What is the highest common factor of 5 and k?
5
Suppose -y + 80 = 4*y. Suppose y - 6 = 5*t. Calculate the highest common factor of t and 8.
2
Let l = 204 + -84. Let j(z) = -z + 20. Let p be j(0). Calculate the greatest common divisor of p and l.
20
Let p be 4*2 - -1 - 1. Let o = p + 2. Suppose 2*i + 0*i - 160 = 0. Calculate the highest common factor of o and i.
10
Suppose 4*j + 35 = n + 4*n, 0 = -3*n + 2*j + 19. Let i be 70/n*(8 + -5). What is the highest common divisor of 10 and i?
10
Let v(w) = 2*w**2 + 0 + w + 14 - 2*w - 3*w. Let i be v(5). What is the greatest common divisor of 11 and i?
11
Suppose y + 24 = -2*y. Let h(c) = -c - 2. Let v be h(y). Calculate the highest common factor of 18 and v.
6
Suppose -5*g = 25, 0 = r - 2*r - 2*g - 16. Let o(u) = -2*u - 3. Let y be o(r). What is the greatest common factor of y and 1?
1
Let v be (-1 - -3) + 2 + 25. Let n = v + -21. Let m be (-2)/(-2) + -2 + 33. Calculate the greatest common factor of n and m.
8
Let x be 16/(-40)*(1 - 56). Calculate the greatest common factor of x and 22.
22
Suppose 2 = -4*o + 3*o - 2*i, 2*i = 5*o - 50. Calculate the greatest common factor of 8 and o.
8
Let s = -5 + 8. Suppose s*u - u - 38 = 0. Calculate the greatest common divisor of 19 and u.
19
Let t be 4*(3 - 15/6). Let f = 13 + 1. Let d be (-7)/f*-4*7. What is the highest common factor of t and d?
2
Let z(b) = b**3 + 9*b**2 + 12. Let c be z(-9). Let q = c - -22. Calculate the highest common divisor of q and 51.
17
Let b = 3 + 1. Suppose 0*r - b*r = -44. Suppose 4*v + 0*v = -2*k + 306, -3*k - 157 = -2*v. Calculate the greatest common factor of v and r.
11
Suppose 6*v - 7 - 59 = 0. What is the greatest common divisor of v and 44?
11
Let n = -16 - -31. Calculate the highest common divisor of 15 and n.
15
Let b = -48 + 68. Calculate the greatest common factor of b and 8.
4
Suppose -3 - 1 = m. Let i(o) = -o**3 + 4*o - 3. Let h be i(m). Calculate the greatest common divisor of 15 and h.
15
Let m(u) = 4*u - 10. Let q be m(6). What is the greatest common factor of q and 28?
14
Let a = 33 - 8. Calculate the highest common factor of a and 100.
25
Let p = -61 - -194. Let t(l) = 2*l**3 + l**2 - 2*l + 3. Let y be t(2). Calculate the highest common divisor of p and y.
19
Let c be (-8)/(-1) + (-6)/(-2). Suppose 0 = m + z + 3*z - 15, 5*m = 2*z + 53. What is the greatest common factor of m and c?
11
Suppose -j - 3 = -0*j + b, 5*b = j - 27. Let t be (11/2)/(1/j). What is the highest common divisor of 1 and t?
1
Suppose -t = -31 - 26. Calculate the highest common factor of 38 and t.
19
Suppose 10*l - 784 = -4*l. Calculate the greatest common factor of 24 and l.
8
Suppose 2*h + 2*h - 264 = 0. Calculate the highest common divisor of 33 and h.
33
Let w(c) = -c + 5. Let y be w(3). Suppose -y*f = 3*g - 51, -g = 3*g - f - 68. What is the highest common divisor of g and 34?
17
Suppose -j - 50 = 4*j. Let f(v) = v**2 - 12*v + 11. Let d be f(8). Let o = j - d. Calculate the greatest common divisor of 22 and o.
11
Let t be (6/(-10))/(6/(-60)). Let d = -7 - -13. Suppose 0*x - 2*x = -d. What is the greatest common divisor of x and t?
3
Let h be (252/10)/(1/5). Let v = 36 + -15. Calculate the greatest common divisor of h and v.
21
Let u(f) = 3*f + 24. Let a be u(0). What is the greatest common divisor of 96 and a?
24
Let m(w) = 2*w**2 + 6*w - 12. Let i be m(2). What is the greatest common factor of 40 and i?
8
Let f be (-1)/(-2) - 109/(-2). Suppose -4*m + f = m. Suppose 0 = 6*n - 5*n - 121. Calculate the highest common factor of n and m.
11
Let a be (1/(-2))/((-3)/6). Calculate the greatest common factor of a and 8.
1
Suppose 0 = 4*y - 3*y + 2*d - 11, -5*y + 70 = 5*d. Let m = y + -15. Calculate the highest common divisor of 10 and m.
2
Let l = 2 + -3. Let b = 5 - l. Calculate the highest common factor of b and 6.
6
Let j be ((-1)/4*0)/(-1). Suppose j = -g + 9 + 7. Calculate the greatest common divisor of g and 8.
8
Suppose 2*n = 71 + 15. Suppose b + n = 123. Calculate the highest common factor of b and 10.
10
Suppose 6*r = r + 450. Let h(l) = l**2 + 5*l + 4. Let b be h(-7). Calculate the highest common divisor of b and r.
18
Suppose 13 - 283 = 5*d. Let x = d - -79. Suppose -p = -6*p + x. Calculate the highest common divisor of p and 5.
5
Suppose -2*g + o + 75 = 0, 0 = o - 4 + 3. Let x = g - 20. What is the greatest common divisor of 6 and x?
6
Let v =